ine x(133).
-64
Let l(c) = -9*c**2 - 521*c - 5266. Give l(-13).
-14
Let t(o) = -6*o**2 + 27*o + 382. Calculate t(16).
-722
Let y(z) = 6*z + 137. Give y(-12).
65
Let v(r) = 8545*r + 10. Determine v(0).
10
Let s(c) = -354*c - 6370. Determine s(-18).
2
Let c(z) = 40*z**2 + 124*z + 8. Calculate c(-2).
-80
Let w(z) = -z**2 - 4*z + 10. Give w(0).
10
Let z(p) = -100*p + 435. What is z(5)?
-65
Let m(q) = -q**3 - 42*q**2 + 458*q - 43. Give m(-51).
8
Let d(v) = v**3 - 30*v**2 + 23*v + 110. Determine d(29).
-64
Let k(j) = j + 14. Give k(6).
20
Let j(c) = 2*c**3 + 6*c**2 - 7*c + 12. What is j(-7)?
-331
Let u(w) = w**3 - 19*w**2 - 16*w + 12. Determine u(20).
92
Let g(x) = x**3 + 67*x**2 + 65*x - 37. Determine g(-66).
29
Let c(h) = -127*h + 6703. Give c(53).
-28
Let d(w) = -1331*w - 75869. Determine d(-57).
-2
Let a(c) = -6741*c + 60685. What is a(9)?
16
Let i(g) = -5*g**3 + 67*g**2 + 38*g + 39. Determine i(14).
-17
Let h(q) = -11*q + 87. Give h(12).
-45
Let x(z) = -158*z + 18658. What is x(118)?
14
Let j(a) = -3*a**3 + 26*a**2 - 3*a - 12. Calculate j(9).
-120
Let g(d) = -2006*d + 24145. Give g(12).
73
Let c(v) = v**3 + 36*v**2 + 28*v - 227. Give c(-35).
18
Let x(l) = -4361*l + 21815. What is x(5)?
10
Let w(u) = -u**2 + 15*u - 59. Give w(-10).
-309
Let p(j) = 236*j - 8271. Calculate p(35).
-11
Let z(r) = -32*r + 2743. Determine z(87).
-41
Let x(o) = -42*o + 807. What is x(18)?
51
Let v(y) = -171*y - 33640. Determine v(-197).
47
Let i(f) = -5*f**2 - 112*f + 61. Determine i(-23).
-8
Let h(r) = 35*r**2 + 251*r + 366. What is h(-2)?
4
Let d(a) = -a**3 - 15*a**2 + 15*a + 16. What is d(-16)?
32
Let k(j) = 2*j**3 + 11*j**2 - 155*j - 1055. What is k(-7)?
-117
Let p(o) = 4*o**3 + 4*o**2 - 13*o - 8. Give p(-5).
-343
Let s(p) = p**3 + 9*p**2 - 325*p + 43. Calculate s(-23).
112
Let n(i) = -21*i - 1494. Calculate n(-70).
-24
Let b(f) = 7*f**2 + 398*f + 4182. Determine b(-43).
11
Let r(s) = 605*s - 56269. Calculate r(93).
-4
Let d(z) = 3*z**3 + 37*z**2 + 61*z. Give d(-2).
2
Let c(r) = 6*r - 649. Determine c(109).
5
Let g(d) = -331*d + 1324. Give g(4).
0
Let m(x) = 47*x + 525. What is m(-12)?
-39
Let g(d) = -4*d**3 + 22*d**2 + 51*d + 19. Calculate g(-2).
37
Let o(h) = -960*h - 14355. Give o(-15).
45
Let o(y) = -2*y - 100. Determine o(17).
-134
Let c(l) = -41*l**2 + 125*l - 11. Give c(3).
-5
Let c(n) = -11229*n + 101057. Calculate c(9).
-4
Let x(k) = -4*k**2 + 63*k - 549. Give x(9).
-306
Let a(u) = 2*u**3 - 65*u**2 - 31*u - 59. Determine a(33).
7
Let b(x) = 3*x**3 + 30*x**2 - 6. Calculate b(-10).
-6
Let t(q) = -q**3 + 35*q**2 - 304*q + 6. Give t(17).
40
Let d(g) = -4*g**3 - 44*g**2 - 2*g - 1. Calculate d(-11).
21
Let a(p) = -111*p**3 - 2*p**2 + 10*p - 7. Calculate a(1).
-110
Let k(b) = b**3 - 7*b**2 - 104*b + 799. What is k(10)?
59
Let k(i) = -i**3 + 8*i**2 - 23*i + 92. What is k(8)?
-92
Let l(h) = 101*h + 3771. Calculate l(-37).
34
Let d(v) = -6*v**2 + 37*v + 146. What is d(8)?
58
Let n(g) = 300*g - 29478. Determine n(98).
-78
Let b(g) = -g**3 + 14*g**2 - 28*g + 92. What is b(11)?
147
Let w(s) = -158*s + 277. What is w(0)?
277
Let d(m) = -m**3 + 35*m - 231. Give d(6).
-237
Let s(b) = -2*b**3 + 116*b**2 + 2*b - 112. Determine s(58).
4
Let i(g) = -g**3 - 27*g**2 + 2*g + 56. What is i(-27)?
2
Let l(q) = 140*q - 3724. What is l(27)?
56
Let z(f) = 26*f - 126. Determine z(-3).
-204
Let p(c) = -c**2 + 35*c + 330. What is p(40)?
130
Let m(k) = -k**3 - 16*k**2 - 6*k + 8. Calculate m(-16).
104
Let u(j) = -4*j**3 - 9*j**2 + 6*j - 5. Determine u(-3).
4
Let w(m) = -183*m + 11742. Determine w(64).
30
Let q(g) = g**2 + 7*g - 60. Determine q(11).
138
Let m(a) = 20*a + 115. Give m(-6).
-5
Let n(r) = -r**2 - 924*r - 11023. Calculate n(-12).
-79
Let t(c) = -c**2 + 21*c - 107. Calculate t(13).
-3
Let j(g) = 2*g**3 + 38*g**2 - 25*g + 253. Give j(-20).
-47
Let n(h) = -4*h**2 + 138*h + 103. Determine n(35).
33
Let b(c) = c**3 - 23*c**2 + 50*c - 338. Determine b(21).
-170
Let p(f) = -f**3 - 3*f**2 + 601*f + 54. Determine p(-26).
-24
Let v(o) = 3*o**2 - 35*o + 123. Determine v(11).
101
Let d(v) = -2*v**3 - 23*v**2 + 189*v + 34. What is d(-17)?
0
Let i(k) = -21*k + 415. Calculate i(21).
-26
Let u(k) = -k**3 + 9*k**2 - k - 10. Calculate u(7).
81
Let v(c) = -c**3 - 136*c**2 + 358*c + 66551. Give v(-135).
-4
Let j(m) = -264*m + 182. Calculate j(1).
-82
Let a(q) = -3*q**3 - 2*q**2 - 10*q + 4. Calculate a(0).
4
Let y(a) = 38*a + 179. Give y(-13).
-315
Let y(m) = m**3 + m**2 - 24*m - 113. Give y(-4).
-65
Let t(w) = w**3 + 4*w**2 - 15*w + 26. What is t(-6)?
44
Let q(m) = -2*m**3 + 3*m**2 + m - 2. Give q(2).
-4
Let q(t) = 3*t**3 - 10*t**2 - 8*t - 17. Calculate q(5).
68
Let l(w) = -41*w + 202. Calculate l(5).
-3
Let w(s) = -s**2 + 185*s + 2360. Calculate w(-12).
-4
Let w(t) = 3*t**2 - 55*t + 5. Determine w(15).
-145
Let u(a) = 4*a**3 - 660*a**2 + a - 144. Calculate u(165).
21
Let x(j) = j**3 - 18*j**2 - 179*j - 20. Calculate x(-7).
8
Let k(p) = -576*p - 4623. Determine k(-8).
-15
Let x(j) = -j**2 + 24*j + 31. Calculate x(0).
31
Let r(p) = 15*p + 389. Calculate r(19).
674
Let k(j) = 5*j**2 - 91*j - 115. What is k(20)?
65
Let g(y) = -24*y + 952. Give g(40).
-8
Let y(g) = g**3 + 36*g**2 - 101*g - 950. Determine y(-38).
0
Let d(u) = -30*u - 20. What is d(-17)?
490
Let v(a) = -a**3 + 2*a**2 - 127*a - 3. What is v(0)?
-3
Let b(n) = -7*n**2 + 28*n + 112. Determine b(-5).
-203
Let m(c) = -3*c**2 - 133*c - 577. Give m(-40).
-57
Let m(c) = 13*c - 24. Determine m(7).
67
Let w(j) = 154*j - 2798. Calculate w(18).
-26
Let v(q) = 6*q**2 - 46*q - 4. Determine v(-7).
612
Let g(b) = 8*b - 542. Determine g(65).
-22
Let s(k) = 8*k + 96. Give s(-9).
24
Let p(m) = -60*m - 330. Determine p(-6).
30
Let g(o) = 195*o + 9480. What is g(-49)?
-75
Let p(k) = 3*k**2 + 35*k - 103. Determine p(-14).
-5
Let u(n) = -11*n**2 - 105*n - 195. Calculate u(-7).
1
Let v(i) = 10*i**2 - 1286*i + 5697. Give v(124).
-7
Let w(d) = -7*d - 65. Determine w(-11).
12
Let j(d) = 135*d + 1589. Give j(-12).
-31
Let j(t) = 162*t + 827. Determine j(-6).
-145
Let x(h) = 19*h + 602. Give x(-37).
-101
Let w(b) = 20*b**2 - 13*b + 42. What is w(3)?
183
Let g(u) = -16*u + 281. Give g(23).
-87
Let j(l) = 103*l - 6570. Give j(64).
22
Let b(c) = -c**3 - 22*c**2 + 142*c - 29. Give b(5).
6
Let l(w) = 15*w + 803. Give l(-51).
38
Let m(s) = s**2 + 92*s + 1517. Determine m(-72).
77
Let h(g) = -101*g - 91. Give h(-1).
10
Let i(t) = -8*t + 514. Give i(64).
2
Let w(l) = -2230*l + 11159. What is w(5)?
9
Let x(y) = y**2 + 9*y - 95. Give x(-19).
95
Let f(s) = -s**3 + 66*s**2 + 19*s - 1553. Determine f(66).
-299
Let s(y) = -5*y**2 - 90*y + 133. Calculate s(-18).
133
Let c(o) = -548*o - 19776. What is c(-36)?
-48
Let w(h) = 15*h**2 - 33*h - 3. What is w(2)?
-9
Let i(q) = 2*q**2 + 87*q - 952. Give i(9).
-7
Let c(i) = -25*i**2 + 32*i - 19. Calculate c(5).
-484
Let r(t) = -40*t**2 + 880*t + 7. Determine r(22).
7
Let j(r) = -6*r + 102. Calculate j(27).
-60
Let q(v) = -4*v**2 - 71*v + 32. Determine q(-18).
14
Let w(n) = n**3 + 127*n**2 - 1679*n - 1538. Calculate w(-139).
-9
Let a(f) = -2*f**2 - 337*f + 17933. What is a(-211)?
-2
Let y(j) = 99*j + 1403. What is y(-22)?
-775
Let n(x) = -13*x - 141. Calculate n(-23).
158
Let z(m) = 2*m**3 - 66*m**2 + 321*m + 10. What is z(6)?
-8
Let i(o) = 170*o - 1191. Calculate i(7).
-1
Let k(n) = -n**2 - 27*n + 63. Calculate k(-15).
243
Let w(h) = -2*h**3 + 226*h**2 - 223*h - 153. Give w(112).
-41
Let y(j) = j**3 + 164*j**2 + 793*j - 315. Calculate y(-159).
3
Let x(g) = 43*g**2 - 177*g + 2. What is x(4)?
-18
Let s(g) = -147*g + 1319. What is s(9)?
-4
Let d(h) = -2*h**3 - 83*h**2 + 40*h - 93. What is d(-42)?
-9
Let h(a) = -12*a**2 + 132*a + 26. Calculate h(11).
26
Let z(s) = -s**3 + 7*s**2 + 7*s - 68. Determine z(7).
-19
Let b(m) = m**3 + 59*m**2 + 272*m + 93. Give b(-54).
-15
Let z(t) = 8*t + 91. Give z(-22).
-85
Let y(d) = 293*d**2 - 879*d + 6. Calculate y(3).
6
Let v(n) = -8*n + 83. Determine v(-2).
99
Let p(a) = -a**3 + 11*a**2 + 19*a - 159. Determine p(7).
170
Let j(p) = 911*p + 14582. Give j(-16).
6
Let c(i) = 4*i**2 + 86*i - 102. What is c(-18)?
-354
Let l(v) = 23*v + 49. Give l(-2).
3
Let x(u) = 15*u**2 - 279*u + 7. Calculate x(18).
-155
Let f(r) = 51*r - 3. Calculate f(-7).
-360
Let u(q) = -37*q**3 - q**2 - 2*q + 10. Give u(-2).
306
Let f(x)